391 = -4*q - 8*i, 0 = -5*i + 5. Suppose 4*f - q - 1025 = 0. Is f a prime number?
False
Let o(x) = -79*x**3 - x**2 - 5*x - 2. Let q be o(-3). Suppose -5*z - 27 = -q. Suppose z = 10*w - 6308. Is w a prime number?
True
Let s = -74 - -88. Is 16118/s + 14/(-49) composite?
False
Let c(l) be the first derivative of -l**2/2 + 13*l + 17. Let o be c(11). Suppose 4*w + 3678 = 2*n, 3*n + 0*w - 5533 = o*w. Is n a prime number?
True
Suppose -21*a - 16*a = -12*a - 33766925. Is a composite?
False
Suppose 8104 = 7*a - 20812 + 5193. Is a a composite number?
False
Suppose 25*g - 218317 = 3586158. Is g a prime number?
False
Suppose -271*h = -119441096 - 257658927. Is h prime?
False
Let q(b) = 4*b**2 + 9*b - 8. Let n be q(3). Suppose 54*o + 5737 = n*o. Is o a prime number?
True
Let a(q) = 94*q + 325. Let v be (-4 - (-27)/3) + 28. Is a(v) a prime number?
False
Let l = 90248 + -39588. Suppose -4916 = -8*y + l. Is y prime?
True
Let u = 5695 - -21911. Suppose 4476 = 6*d - u. Is d a prime number?
True
Let l be 20/16 - 66717/(-28). Let a = l + -553. Is a prime?
True
Suppose 0 = 451*v - 436*v - 2217795. Is v a prime number?
True
Is ((-750480)/36 - -2)*-3 prime?
False
Let u be (3/(-2))/((-3)/4). Suppose 0 = 24*f - 124334 - 148570. Is 8/32 - u/((-8)/f) a composite number?
False
Let n(v) = 224*v**3 + 8*v**2 + 7*v - 1. Let r be n(-2). Let i be 4 + -2 + 0 - 3666. Let b = r - i. Is b composite?
False
Let g = 19944 - 971. Is g a prime number?
True
Let f(m) = 2499*m**2 + 70*m + 50. Is f(-7) composite?
False
Let a(x) = -1174*x + 28. Let g(o) = -10*o - 71. Let f be g(-8). Let i be a(f). Is (-16)/64 - i/8 composite?
True
Is 38140 + (3 + 24)/3 a composite number?
False
Suppose -12 = 2*y - 4*h, -3*h + 0 = -y - 10. Let z be y/(-5)*2*-5. Suppose -s + 950 = j + 2*j, 0 = -z*s + 5*j + 3851. Is s a prime number?
False
Let i(o) = -11944*o - 7. Let v be i(-3). Suppose 3*w - v = -2*w. Suppose -5*u + w = 2120. Is u prime?
True
Suppose 4*q - 55858 = -2*g, 5*q = 3*q - 14*g + 27968. Is q a prime number?
True
Let r(k) = -k**2 + 10*k - 15. Let o be r(8). Let a be (66 + -66)*((1 - o) + 1). Suppose 2*i + 2*y + a*y = 1274, 5*i - 5*y - 3145 = 0. Is i prime?
False
Let i = 169865 + -78936. Is i composite?
True
Let t(p) = -145*p**3 + 11*p**2 + 30*p + 197. Is t(-9) a composite number?
True
Suppose 2*c = 4*c - 2. Let s be (0 - c) + (12/3)/4. Is ((-40)/(-5))/4 + (s - -260) a prime number?
False
Let k = 395867 + -133972. Is k prime?
False
Suppose -208 = -2*i - x, -291*i - 4*x + 420 = -287*i. Suppose -2*g + u = -0*u - 220, 436 = 4*g - 3*u. Let w = g + i. Is w composite?
True
Suppose -5*j + 122 = 5*a - 48, a - 46 = 3*j. Suppose -a*c + 44*c - 41713 = 0. Is c a composite number?
True
Suppose 4*v - 563 = -515. Suppose 0 = 3*z - v, 31*g - 28*g - 8889 = -3*z. Is g a composite number?
True
Let b(r) = r**3 - 6*r**2 + 7*r - 34. Let z be b(6). Suppose z = -4*n, 9*m - 11*m = -2*n - 2642. Is m a prime number?
True
Let q be (-986)/6 + 2/6. Let g = 731 + -300. Let u = q + g. Is u a composite number?
True
Let k = 12 - 10. Suppose 13513 = 4*m - 2*c - 449, -k*c - 10471 = -3*m. Is m a composite number?
False
Suppose 0 = 39*b - 2388719 - 3466702. Is b a composite number?
True
Is (-7)/21 - (11133906/(-18) + 3) a composite number?
False
Let y(g) = -2*g + 2. Let b be y(0). Let a(j) = b*j + 0*j**3 + 1065 + j**3 - j**2 - 322. Is a(0) composite?
False
Suppose 0 = -2*f + 1183 + 413. Suppose k = 2*d + 536 + f, -d - 1336 = -k. Suppose k = 12*u - 10*u. Is u composite?
True
Let n(x) = -31 - 20 - 20*x - 18*x + 62. Is n(-4) a prime number?
True
Let r = -244377 - -483664. Is r composite?
False
Let f = 1943 + -1137. Let h = 82 - f. Let n = h + 1735. Is n composite?
True
Let g(y) = -27*y - 54. Let s be g(-18). Suppose 0 = -2*n + 5*p - 2*p + 416, 0 = 2*n + 5*p - s. Is n composite?
False
Suppose i + 2*k - 4 = 24, -k - 40 = -i. Is ((-293)/4)/((36/(-4))/i) a prime number?
True
Let q(h) = -124*h**2 + 2. Let o be q(-2). Let u = o - -1112. Suppose -7*n + u = 2*d - 3*n, -d - 5*n = -294. Is d a composite number?
True
Let q(s) = 8164*s + 2. Let r be q(1). Suppose -r = -3*d + 4*h + 41630, 0 = 3*d - h - 49781. Is 2/(-9) + d/144 a composite number?
True
Suppose -5*i - 22*i + 7887807 = 0. Is i a prime number?
True
Let r = -277 + 281. Is 2/(-4)*(-2104)/r a prime number?
True
Let n(m) = -200*m**2 - 11*m + 78. Let g be n(6). Is (-192)/240 + g/(-10) prime?
False
Is (-4)/(192/54906)*(-3 - 5) composite?
False
Suppose -6*d + 13*d - 332861 = -12*d. Is d composite?
False
Suppose -42868 = -3*d - 3*m + 581018, 5*d - m = 1039840. Is d composite?
False
Suppose -7*u = -3369 - 12913. Let d be 7 - (-1 + 5 + -2). Suppose -5996 = -4*t - d*g, -2*g + u = -4*t + 8322. Is t a prime number?
True
Let g(d) = 2*d**2 + 17*d - 45. Let q be g(-25). Let t = q - -287. Is t composite?
True
Let k = -199 - -201. Let s(h) be the first derivative of 3*h**2 + 2*h - 4. Is s(k) a composite number?
True
Is (-30)/2 + 16878 + 8 composite?
False
Suppose 0 = 3*h + 4*i - 143, 2*h - 80 = 4*i + i. Suppose 5*j + 0*t - 78 = -2*t, -3*j + h = 3*t. Let o(u) = 23*u - 49. Is o(j) prime?
False
Let i = 110 - 107. Let o(n) = -503*n + 4. Let p(a) = -a. Let w(z) = -o(z) - 2*p(z). Is w(i) composite?
False
Suppose 2*o + 2*z - 8024 = 0, -4021 = -o + 6*z - 4*z. Let f = 1150 + o. Is f a composite number?
True
Suppose -2*j - 5*r + 56804 = 0, -19 = 4*r - 43. Is j a composite number?
False
Suppose 6*u + 15 = 3*u, 0 = -2*t - 2*u - 18822. Let c = -4679 - t. Is c composite?
True
Suppose -n - 8 = 2*z, 11*z - 9 = 12*z + 3*n. Is 1019/(z*(-5 - (-56)/12)) prime?
True
Is ((-225)/(-9) - -9)/(-3)*-7494 - 9 prime?
False
Suppose 0*h - 9 = -3*q + 3*h, 0 = 4*q + 5*h - 48. Suppose 0 = -2*i + q*i - 15. Is 3/9 - 313*(-2)/i composite?
True
Suppose 0 = 21*g - 10*g - 18205. Suppose -1657*n + g*n = -8402. Is n a composite number?
False
Let c(g) = -g**3 + g**2 - 19*g + 12. Let t = 176 - 185. Is c(t) composite?
True
Suppose -3*r + 2*r + 4*x = -18, -5*x = 3*r - 88. Is r/(-364) + (-11327)/(-14) a composite number?
False
Suppose 34*r - 38*r = -127508. Is r a prime number?
False
Let x(q) = 12*q**2 + 10*q - 9. Let p(g) = -g**2 + 1. Let w(z) = z**3 + 2*z**2 - 2*z - 3. Let u be w(-2). Let y(v) = u*x(v) - 4*p(v). Is y(5) prime?
False
Suppose -4*z + p + 101 = 0, 0 = -3*z + 5*p - 0 + 97. Is -4*(2 + -8)/z - -7068 a prime number?
True
Let b be (-689)/(-7) - (-9)/(-21). Let r = 153 - b. Is 2/10 + 16214/r a composite number?
True
Suppose -5*s + 5*l = -8338365, 40*l = -3*s + 38*l + 5002979. Is s prime?
False
Suppose -4*w = g - 2, -3*w - 2 + 0 = -g. Suppose -3*u - g + 8 = 0, 2*u + 1 = q. Suppose -q*m - j + 1530 = -2*j, 0 = j - 5. Is m a composite number?
False
Let y be ((-338)/52)/((-78)/12 - -7). Let d(c) = -7*c + 30*c**2 - 8*c + 58 + 2*c. Is d(y) a composite number?
False
Suppose 81 = 4*j + 49. Let z(n) = 219*n**2 - 47*n + 17. Is z(j) prime?
False
Let h = -201 + -956. Let s = -391 - h. Is s*4/4 - -1 prime?
False
Suppose -23*w = -4*f - 18*w + 778360, -4*w - 778356 = -4*f. Is f prime?
False
Let q = 233003 - 120184. Is (18/(-36))/(3 - q/37606) prime?
True
Let c = 21 + -80. Let h = -59 - c. Suppose h = k - 1648 + 494. Is k composite?
True
Suppose 4*k = 5*o + 1110508, -41*k + 44*k = -4*o + 832943. Is k composite?
False
Let c be (936/(-84))/(2/(-3934)). Suppose -13*z - 13*z = -c. Is z a composite number?
True
Let o(s) = -s**3 + 2*s - 1 + 5 + 1 - 4*s**2 + 3. Let p be o(-4). Suppose -4*a + 4*i + 6600 = p, 1104 = a - 2*i - 545. Is a a composite number?
True
Let m = -155521 + 390848. Is m composite?
True
Suppose 2*f = -4, -3*u + 5*f + 182 = f. Suppose u*y = 54*y + 12. Suppose 0*j = -y*w - 4*j + 2081, -w - j = -695. Is w composite?
True
Suppose -51*s + 662450 = -41*s. Is s a composite number?
True
Suppose -912244 = 52*l - 297*l + 350241. Is l a composite number?
False
Suppose -2*f = f - 6. Suppose -f*g - 210 = 3*g. Is (-12)/g - ((-2525)/7 + 0) a prime number?
False
Suppose -2*m + 1808466 = 5*z, -5*z - 361702 = -6*z + 4*m. Is z prime?
False
Let h(c) be the first derivative of 2*c**2 + 43*c - 72. Suppose 18 + 77 = 5*a. Is h(a) prime?
False
Suppose -w + 10*w - 63 = 0. Let a(c) = c**3 - 7*c**2 - 3*c - 4. Let q be a(w). Is (-45360)/q - 4/10 a prime number?
False
Let y(j) = -j - 1746887*j**2 + 1746888*j**2 + 2 + 0 - j**3. Suppose 3*a - 4 = 2*s - 23, 0 = 3*a - 3*s + 21. Is 